{"id":27,"date":"2021-10-01T19:28:45","date_gmt":"2021-10-01T19:28:45","guid":{"rendered":"https:\/\/aikidofreising.de\/?page_id=27"},"modified":"2024-01-04T14:11:29","modified_gmt":"2024-01-04T14:11:29","slug":"trainingszeiten","status":"publish","type":"page","link":"https:\/\/aikidofreising.de\/?page_id=27","title":{"rendered":"Trainingszeiten"},"content":{"rendered":"\n<p>Unsere regul\u00e4ren Trainingszeiten sind:<\/p>\n\n\n\n<p>Dienstag:       19.30 bis 21.00 Uhr<\/p>\n\n\n\n<p>Donnerstag:      19.30 bis 21.00 Uhr<\/p>\n\n\n\n<p><\/p>\n\n\n\n<p>Zus\u00e4tzlich ist (fast) jederzeit ein Training nach Absprache m\u00f6glich, einfach bei uns melden.<\/p>\n\n\n\n<p><\/p>\n\n\n\n<p>Anf\u00e4nger und G\u00e4ste sind jederzeit willkommen! Einfach 10 Minuten vor Trainingsbeginn vorbeikommen und gleich mit trainieren.<\/p>\n\n\n\n<p>Zu Beginn reicht bequeme Sportkleidung, wir haben aber auch immer einen frisch gewaschenen G\u00e4ste-Gi da. <\/p>\n","protected":false},"excerpt":{"rendered":"<p>Unsere regul\u00e4ren Trainingszeiten sind: Dienstag: 19.30 bis 21.00 Uhr Donnerstag: 19.30 bis 21.00 Uhr Zus\u00e4tzlich ist (fast) jederzeit ein Training nach Absprache m\u00f6glich, einfach bei uns melden. Anf\u00e4nger und G\u00e4ste sind jederzeit willkommen! Einfach 10 Minuten vor Trainingsbeginn vorbeikommen und gleich mit trainieren. Zu Beginn reicht bequeme Sportkleidung, wir haben aber auch immer einen frisch [&hellip;]<\/p>\n","protected":false},"author":1,"featured_media":0,"parent":0,"menu_order":0,"comment_status":"closed","ping_status":"closed","template":"","meta":{"footnotes":""},"class_list":["post-27","page","type-page","status-publish","hentry"],"_links":{"self":[{"href":"https:\/\/aikidofreising.de\/index.php?rest_route=\/wp\/v2\/pages\/27","targetHints":{"allow":["GET"]}}],"collection":[{"href":"https:\/\/aikidofreising.de\/index.php?rest_route=\/wp\/v2\/pages"}],"about":[{"href":"https:\/\/aikidofreising.de\/index.php?rest_route=\/wp\/v2\/types\/page"}],"author":[{"embeddable":true,"href":"https:\/\/aikidofreising.de\/index.php?rest_route=\/wp\/v2\/users\/1"}],"replies":[{"embeddable":true,"href":"https:\/\/aikidofreising.de\/index.php?rest_route=%2Fwp%2Fv2%2Fcomments&post=27"}],"version-history":[{"count":6,"href":"https:\/\/aikidofreising.de\/index.php?rest_route=\/wp\/v2\/pages\/27\/revisions"}],"predecessor-version":[{"id":113,"href":"https:\/\/aikidofreising.de\/index.php?rest_route=\/wp\/v2\/pages\/27\/revisions\/113"}],"wp:attachment":[{"href":"https:\/\/aikidofreising.de\/index.php?rest_route=%2Fwp%2Fv2%2Fmedia&parent=27"}],"curies":[{"name":"wp","href":"https:\/\/api.w.org\/{rel}","templated":true}]}}